d 14?
14
Calculate the highest common factor of 40 and 1300.
20
What is the highest common factor of 90 and 27?
9
Calculate the greatest common factor of 20 and 6260.
20
Calculate the greatest common divisor of 752 and 799.
47
Calculate the highest common factor of 1449 and 1771.
161
Calculate the highest common divisor of 7 and 161.
7
What is the greatest common factor of 256 and 1864?
8
What is the highest common divisor of 84 and 308?
28
Calculate the greatest common divisor of 40 and 1830.
10
What is the highest common factor of 9162 and 72?
18
Calculate the highest common factor of 112 and 392.
56
Calculate the highest common factor of 889 and 21.
7
Calculate the greatest common factor of 72 and 1953.
9
Calculate the highest common divisor of 28 and 1778.
14
What is the highest common divisor of 207 and 28359?
207
What is the greatest common factor of 70 and 40?
10
Calculate the highest common factor of 108 and 36.
36
Calculate the highest common factor of 2635 and 340.
85
Calculate the highest common factor of 1152 and 72.
72
Calculate the greatest common divisor of 65 and 11635.
65
What is the highest common divisor of 55 and 13365?
55
What is the greatest common divisor of 25407 and 27?
27
What is the greatest common divisor of 6 and 18?
6
What is the highest common divisor of 340 and 85?
85
Calculate the greatest common divisor of 9768 and 222.
222
Calculate the greatest common divisor of 40 and 76.
4
Calculate the highest common divisor of 4 and 10606.
2
Calculate the highest common divisor of 1008 and 28.
28
Calculate the greatest common factor of 42 and 4578.
42
Calculate the highest common divisor of 45 and 5.
5
What is the highest common factor of 689 and 53?
53
Calculate the greatest common divisor of 3870 and 135.
45
Calculate the greatest common factor of 539 and 3696.
77
Calculate the greatest common divisor of 45 and 333.
9
Calculate the greatest common divisor of 6747 and 39.
39
Calculate the greatest common divisor of 192 and 6.
6
Calculate the greatest common factor of 104 and 39.
13
Calculate the greatest common factor of 528 and 33.
33
Calculate the highest common factor of 92 and 644.
92
What is the greatest common factor of 56 and 112?
56
Calculate the highest common factor of 396 and 3300.
132
What is the highest common factor of 21 and 69?
3
Calculate the highest common divisor of 65 and 26.
13
What is the highest common divisor of 567 and 324?
81
What is the greatest common divisor of 1738 and 237?
79
Calculate the highest common factor of 817 and 86.
43
Calculate the greatest common factor of 184 and 5980.
92
Calculate the greatest common divisor of 340 and 9010.
170
Calculate the highest common divisor of 33 and 1045.
11
What is the highest common factor of 15 and 27?
3
What is the greatest common divisor of 235 and 65?
5
Calculate the highest common factor of 22 and 319.
11
Calculate the highest common divisor of 217 and 465.
31
Calculate the highest common divisor of 225 and 585.
45
Calculate the greatest common divisor of 15048 and 72.
72
Calculate the highest common factor of 76 and 9196.
76
Calculate the highest common factor of 62 and 30938.
62
Calculate the highest common factor of 300 and 120.
60
What is the highest common divisor of 54 and 384?
6
Calculate the greatest common divisor of 39 and 24.
3
Calculate the highest common divisor of 170 and 410.
10
Calculate the highest common factor of 185 and 46435.
185
What is the highest common divisor of 92 and 2300?
92
What is the highest common factor of 2187 and 27?
27
Calculate the highest common factor of 20 and 2830.
10
Calculate the greatest common divisor of 90 and 4230.
90
What is the greatest common divisor of 5243 and 196?
49
Calculate the highest common factor of 1955 and 5.
5
What is the greatest common divisor of 686 and 14?
14
What is the greatest common divisor of 1387 and 95?
19
Calculate the greatest common factor of 1040 and 64.
16
What is the greatest common divisor of 30 and 72?
6
What is the greatest common factor of 819 and 364?
91
Calculate the highest common factor of 48 and 48.
48
What is the greatest common divisor of 704 and 11?
11
Calculate the greatest common factor of 30 and 600.
30
What is the greatest common factor of 10526 and 38?
38
What is the greatest common factor of 171 and 9?
9
Calculate the highest common factor of 1054 and 496.
62
What is the highest common divisor of 3 and 243?
3
Calculate the highest common divisor of 1920 and 560.
80
Calculate the greatest common factor of 81 and 3033.
9
What is the greatest common divisor of 47 and 893?
47
Calculate the highest common factor of 576 and 832.
64
What is the highest common factor of 30 and 7890?
30
What is the greatest common divisor of 23 and 92?
23
What is the highest common divisor of 30 and 275?
5
Calculate the greatest common divisor of 7 and 91.
7
What is the greatest common factor of 35 and 70?
35
What is the greatest common factor of 12 and 6?
6
What is the greatest common factor of 4498 and 52?
26
Calculate the greatest common factor of 962 and 74.
74
What is the greatest common divisor of 92 and 15548?
92
Calculate the greatest common divisor of 3952 and 304.
304
What is the highest common divisor of 225 and 50?
25
Calculate the greatest common divisor of 455 and 65.
65
What is the greatest common factor of 9 and 33?
3
Calculate the greatest common factor of 37 and 1.
1
Calculate the greatest common divisor of 12139 and 199.
199
What is the greatest common divisor of 901 and 119?
17
What is the highest common factor of 11 and 1727?
11
Calculate the highest common factor of 304 and 4180.
76
Calculate the highest common factor of 130 and 39.
13
Calculate the highest common divisor of 126 and 4599.
63
Calculate the greatest common factor of 261 and 1711.
29
Calculate the greatest common divisor of 6588 and 976.
244
What is the highest common factor of 2 and 674?
2
What is the highest common factor of 6552 and 56?
56
Calculate the highest common divisor of 120 and 75.
15
Calculate the highest common factor of 187 and 33.
11
What is the highest common factor of 53 and 2279?
53
What is the greatest common factor of 7173 and 36?
9
Calculate the highest common divisor of 420 and 5700.
60
What is the greatest common divisor of 275 and 11?
11
What is the highest common divisor of 330 and 318?
6
What is the highest common factor of 42 and 120?
6
Calculate the greatest common divisor of 15478 and 218.
218
Calculate the highest common divisor of 8 and 152.
8
Calculate the greatest common factor of 29694 and 42.
42
Calculate the greatest common factor of 788 and 32.
4
Calculate the highest common factor of 244 and 366.
122
What is the greatest common factor of 8 and 1080?
8
What is the greatest common factor of 6 and 1176?
6
Calculate the greatest common factor of 6 and 82.
2
What is the greatest common divisor of 2390 and 20?
10
Calculate the highest common factor of 35 and 49910.
35
Calculate the greatest common divisor of 14 and 100.
2
What is the highest common factor of 202 and 1717?
101
Calculate the highest common factor of 140 and 50.
10
Calculate the highest common factor of 56 and 1216.
8
What is the highest common factor of 1161 and 86?
43
What is the highest common divisor of 684 and 42?
6
What is the highest common divisor of 40 and 184?
8
What is the highest common divisor of 54 and 34614?
54
What is the highest common divisor of 1672 and 1216?
152
Calculate the highest common divisor of 15 and 87.
3
Calculate the greatest common factor of 60 and 1760.
20
What is the greatest common divisor of 204 and 24?
12
What is the greatest common divisor of 3258 and 216?
18
Calculate the highest common factor of 68 and 1564.
68
Calculate the highest common divisor of 244 and 793.
61
Calculate the highest common factor of 9 and 24.
3
What is the highest common factor of 253 and 22?
11
Calculate the highest common factor of 66 and 3333.
33
What is the highest common factor of 630 and 490?
70
Calculate the greatest common divisor of 406 and 58.
58
Calculate the highest common divisor of 185 and 222.
37
What is the highest common divisor of 19 and 1?
1
Calculate the highest common divisor of 30 and 590.
10
Calculate the greatest common divisor of 5 and 1055.
5
Calcula